{"id":8405,"date":"2023-11-27T17:54:50","date_gmt":"2023-11-27T16:54:50","guid":{"rendered":"https:\/\/fermedekeruzerh.com\/?post_type=product&#038;p=8405"},"modified":"2026-01-14T07:51:45","modified_gmt":"2026-01-14T06:51:45","slug":"veau-de-la-ferme-colis","status":"publish","type":"product","link":"https:\/\/fermedekeruzerh.com\/index.php\/produit\/veau-de-la-ferme-colis\/","title":{"rendered":"Veau de la ferme en colis sous vide"},"content":{"rendered":"","protected":false},"excerpt":{"rendered":"<p>Les veaux de la ferme de Keruzerh ! Nourris sous leur m\u00e8re et \u00e0 l&rsquo;herbe. Rien de plus naturel !<\/p>\n<p>Race Bretonne Pie Noire r\u00e9put\u00e9e pour sa saveur exceptionnelle.<\/p>\n<p style=\"text-align: left;\">Colis \u00e0 r\u00e9cup\u00e9rer le 30\/05 \u00e0 18h<\/p>\n<p>Dans un colis d&rsquo;environ 5kg (sous vide) :<\/p>\n<ul>\n<li>C\u00f4tes (longe \/ filet)<\/li>\n<li>1 r\u00f4ti \u00e9paule avec os<\/li>\n<li>1 r\u00f4ti basse c\u00f4te avec os<\/li>\n<li>blanquette (poitrine \/ collier)<\/li>\n<li>1 r\u00f4ti et escalope (cuissot et quasi)<\/li>\n<li>osso bucco (jarret)<\/li>\n<li>foie selon les colis<\/li>\n<\/ul>\n<p>Tarif : 20\u20ac\/kg. R\u00e8glement du solde apr\u00e8s la pes\u00e9e.<\/p>\n<p>Ferme de Keruzerh<\/p>\n","protected":false},"featured_media":0,"template":"","meta":[],"product_brand":[],"product_cat":[15],"product_tag":[],"class_list":{"0":"post-8405","1":"product","2":"type-product","3":"status-publish","5":"product_cat-non-classe","7":"first","8":"outofstock","9":"featured","10":"taxable","11":"shipping-taxable","12":"purchasable","13":"product-type-simple","14":"czr-hentry"},"aioseo_notices":[],"_links":{"self":[{"href":"https:\/\/fermedekeruzerh.com\/index.php\/wp-json\/wp\/v2\/product\/8405","targetHints":{"allow":["GET"]}}],"collection":[{"href":"https:\/\/fermedekeruzerh.com\/index.php\/wp-json\/wp\/v2\/product"}],"about":[{"href":"https:\/\/fermedekeruzerh.com\/index.php\/wp-json\/wp\/v2\/types\/product"}],"wp:attachment":[{"href":"https:\/\/fermedekeruzerh.com\/index.php\/wp-json\/wp\/v2\/media?parent=8405"}],"wp:term":[{"taxonomy":"product_brand","embeddable":true,"href":"https:\/\/fermedekeruzerh.com\/index.php\/wp-json\/wp\/v2\/product_brand?post=8405"},{"taxonomy":"product_cat","embeddable":true,"href":"https:\/\/fermedekeruzerh.com\/index.php\/wp-json\/wp\/v2\/product_cat?post=8405"},{"taxonomy":"product_tag","embeddable":true,"href":"https:\/\/fermedekeruzerh.com\/index.php\/wp-json\/wp\/v2\/product_tag?post=8405"}],"curies":[{"name":"wp","href":"https:\/\/api.w.org\/{rel}","templated":true}]}}