{"id":7221,"date":"2023-02-06T18:15:16","date_gmt":"2023-02-06T17:15:16","guid":{"rendered":"https:\/\/fermedekeruzerh.com\/?post_type=product&#038;p=7221"},"modified":"2026-01-14T07:51:48","modified_gmt":"2026-01-14T06:51:48","slug":"yaourt-de-brebis","status":"publish","type":"product","link":"https:\/\/fermedekeruzerh.com\/index.php\/produit\/yaourt-de-brebis\/","title":{"rendered":"Yaourt de brebis"},"content":{"rendered":"","protected":false},"excerpt":{"rendered":"<p>Yaourt nature de nos brebis de race rustique bretonne Belle-\u00eele. Nos animaux sont \u00e9lev\u00e9s en plein air et nourris \u00e0 l&rsquo;herbe. De quoi vous promettre un yaourt savoureux et bon pour votre sant\u00e9 ! <\/p>\n","protected":false},"featured_media":7291,"template":"","meta":[],"product_brand":[],"product_cat":[15],"product_tag":[],"class_list":{"0":"post-7221","1":"product","2":"type-product","3":"status-publish","4":"has-post-thumbnail","6":"product_cat-non-classe","8":"first","9":"outofstock","10":"virtual","11":"taxable","12":"purchasable","13":"product-type-simple","14":"czr-hentry"},"aioseo_notices":[],"_links":{"self":[{"href":"https:\/\/fermedekeruzerh.com\/index.php\/wp-json\/wp\/v2\/product\/7221","targetHints":{"allow":["GET"]}}],"collection":[{"href":"https:\/\/fermedekeruzerh.com\/index.php\/wp-json\/wp\/v2\/product"}],"about":[{"href":"https:\/\/fermedekeruzerh.com\/index.php\/wp-json\/wp\/v2\/types\/product"}],"wp:featuredmedia":[{"embeddable":true,"href":"https:\/\/fermedekeruzerh.com\/index.php\/wp-json\/wp\/v2\/media\/7291"}],"wp:attachment":[{"href":"https:\/\/fermedekeruzerh.com\/index.php\/wp-json\/wp\/v2\/media?parent=7221"}],"wp:term":[{"taxonomy":"product_brand","embeddable":true,"href":"https:\/\/fermedekeruzerh.com\/index.php\/wp-json\/wp\/v2\/product_brand?post=7221"},{"taxonomy":"product_cat","embeddable":true,"href":"https:\/\/fermedekeruzerh.com\/index.php\/wp-json\/wp\/v2\/product_cat?post=7221"},{"taxonomy":"product_tag","embeddable":true,"href":"https:\/\/fermedekeruzerh.com\/index.php\/wp-json\/wp\/v2\/product_tag?post=7221"}],"curies":[{"name":"wp","href":"https:\/\/api.w.org\/{rel}","templated":true}]}}