{"id":4334,"date":"2021-11-08T07:29:40","date_gmt":"2021-11-08T06:29:40","guid":{"rendered":"https:\/\/fermedekeruzerh.com\/?post_type=product&#038;p=4334"},"modified":"2026-04-06T18:01:39","modified_gmt":"2026-04-06T16:01:39","slug":"botte-de-radis-dhiver","status":"publish","type":"product","link":"https:\/\/fermedekeruzerh.com\/index.php\/produit\/botte-de-radis-dhiver\/","title":{"rendered":"Radis d&rsquo;hiver"},"content":{"rendered":"","protected":false},"excerpt":{"rendered":"<p>M\u00e9lange de radis d&rsquo;hiver blanc et violet, Daikon et Bleu d&rsquo;automne. Ils se d\u00e9gustent en salade ou peuvent servir de toast en ap\u00e9ritif.<\/p>\n","protected":false},"featured_media":8858,"template":"","meta":[],"product_brand":[],"product_cat":[33],"product_tag":[],"class_list":{"0":"post-4334","1":"product","2":"type-product","3":"status-publish","4":"has-post-thumbnail","6":"product_cat-bretagne","8":"first","9":"outofstock","10":"virtual","11":"taxable","12":"purchasable","13":"product-type-simple","14":"czr-hentry"},"aioseo_notices":[],"_links":{"self":[{"href":"https:\/\/fermedekeruzerh.com\/index.php\/wp-json\/wp\/v2\/product\/4334","targetHints":{"allow":["GET"]}}],"collection":[{"href":"https:\/\/fermedekeruzerh.com\/index.php\/wp-json\/wp\/v2\/product"}],"about":[{"href":"https:\/\/fermedekeruzerh.com\/index.php\/wp-json\/wp\/v2\/types\/product"}],"wp:featuredmedia":[{"embeddable":true,"href":"https:\/\/fermedekeruzerh.com\/index.php\/wp-json\/wp\/v2\/media\/8858"}],"wp:attachment":[{"href":"https:\/\/fermedekeruzerh.com\/index.php\/wp-json\/wp\/v2\/media?parent=4334"}],"wp:term":[{"taxonomy":"product_brand","embeddable":true,"href":"https:\/\/fermedekeruzerh.com\/index.php\/wp-json\/wp\/v2\/product_brand?post=4334"},{"taxonomy":"product_cat","embeddable":true,"href":"https:\/\/fermedekeruzerh.com\/index.php\/wp-json\/wp\/v2\/product_cat?post=4334"},{"taxonomy":"product_tag","embeddable":true,"href":"https:\/\/fermedekeruzerh.com\/index.php\/wp-json\/wp\/v2\/product_tag?post=4334"}],"curies":[{"name":"wp","href":"https:\/\/api.w.org\/{rel}","templated":true}]}}

<p>Mélange de radis d&rsquo;hiver blanc et violet, Daikon et Bleu d&rsquo;automne. Ils se dégustent en salade ou peuvent servir de toast en apéritif.</p>
