{"id":3980,"date":"2021-09-13T17:11:31","date_gmt":"2021-09-13T15:11:31","guid":{"rendered":"https:\/\/fermedekeruzerh.com\/?post_type=product&#038;p=3980"},"modified":"2026-01-14T07:51:56","modified_gmt":"2026-01-14T06:51:56","slug":"aqta-panier-de-fruits-et-legumes-a-25e","status":"publish","type":"product","link":"https:\/\/fermedekeruzerh.com\/index.php\/produit\/aqta-panier-de-fruits-et-legumes-a-25e\/","title":{"rendered":"Panier Porte Oc\u00e9ane Auray &#8211; Fruits, l\u00e9gumes et \u0153ufs pour 25\u20ac"},"content":{"rendered":"","protected":false},"excerpt":{"rendered":"<p>Un panier de l\u00e9gumes de la ferme de Keruzerh \u00e0 environ 17\u20ac, fruits de saison \u00e0 environ 6\u20ac et des oeufs \u00e0 2,4 \u20ac.<\/p>\n<p>R\u00e9serv\u00e9 aux entreprises de la ZA Porte Oc\u00e9ane \u00e0 Auray (AQTA communaut\u00e9 de commune, LDO conseil, G\u00eetes de France, etc) en livraison le lundi.<\/p>\n","protected":false},"featured_media":3982,"template":"","meta":[],"product_brand":[],"product_cat":[15],"product_tag":[],"class_list":{"0":"post-3980","1":"product","2":"type-product","3":"status-publish","4":"has-post-thumbnail","6":"product_cat-non-classe","8":"first","9":"outofstock","10":"virtual","11":"taxable","12":"purchasable","13":"product-type-simple","14":"czr-hentry"},"aioseo_notices":[],"_links":{"self":[{"href":"https:\/\/fermedekeruzerh.com\/index.php\/wp-json\/wp\/v2\/product\/3980","targetHints":{"allow":["GET"]}}],"collection":[{"href":"https:\/\/fermedekeruzerh.com\/index.php\/wp-json\/wp\/v2\/product"}],"about":[{"href":"https:\/\/fermedekeruzerh.com\/index.php\/wp-json\/wp\/v2\/types\/product"}],"wp:featuredmedia":[{"embeddable":true,"href":"https:\/\/fermedekeruzerh.com\/index.php\/wp-json\/wp\/v2\/media\/3982"}],"wp:attachment":[{"href":"https:\/\/fermedekeruzerh.com\/index.php\/wp-json\/wp\/v2\/media?parent=3980"}],"wp:term":[{"taxonomy":"product_brand","embeddable":true,"href":"https:\/\/fermedekeruzerh.com\/index.php\/wp-json\/wp\/v2\/product_brand?post=3980"},{"taxonomy":"product_cat","embeddable":true,"href":"https:\/\/fermedekeruzerh.com\/index.php\/wp-json\/wp\/v2\/product_cat?post=3980"},{"taxonomy":"product_tag","embeddable":true,"href":"https:\/\/fermedekeruzerh.com\/index.php\/wp-json\/wp\/v2\/product_tag?post=3980"}],"curies":[{"name":"wp","href":"https:\/\/api.w.org\/{rel}","templated":true}]}}