{"id":3023,"date":"2021-04-27T07:23:30","date_gmt":"2021-04-27T05:23:30","guid":{"rendered":"https:\/\/fermedekeruzerh.com\/?post_type=product&#038;p=3023"},"modified":"2026-01-14T07:52:01","modified_gmt":"2026-01-14T06:52:01","slug":"epinards-jeunes-pousses","status":"publish","type":"product","link":"https:\/\/fermedekeruzerh.com\/index.php\/produit\/epinards-jeunes-pousses\/","title":{"rendered":"Epinards jeunes pousses"},"content":{"rendered":"","protected":false},"excerpt":{"rendered":"<p>Jeunes pousses d&rsquo;\u00e9pinards. A d\u00e9guster en salade ou rapidement revenus \u00e0 la po\u00eale avec quelques oignons.<\/p>\n<p>Ferme de Keruzerh<\/p>\n","protected":false},"featured_media":3024,"template":"","meta":[],"product_brand":[],"product_cat":[15],"product_tag":[],"class_list":{"0":"post-3023","1":"product","2":"type-product","3":"status-publish","4":"has-post-thumbnail","6":"product_cat-non-classe","8":"first","9":"outofstock","10":"taxable","11":"shipping-taxable","12":"purchasable","13":"product-type-simple","14":"czr-hentry"},"aioseo_notices":[],"_links":{"self":[{"href":"https:\/\/fermedekeruzerh.com\/index.php\/wp-json\/wp\/v2\/product\/3023","targetHints":{"allow":["GET"]}}],"collection":[{"href":"https:\/\/fermedekeruzerh.com\/index.php\/wp-json\/wp\/v2\/product"}],"about":[{"href":"https:\/\/fermedekeruzerh.com\/index.php\/wp-json\/wp\/v2\/types\/product"}],"wp:featuredmedia":[{"embeddable":true,"href":"https:\/\/fermedekeruzerh.com\/index.php\/wp-json\/wp\/v2\/media\/3024"}],"wp:attachment":[{"href":"https:\/\/fermedekeruzerh.com\/index.php\/wp-json\/wp\/v2\/media?parent=3023"}],"wp:term":[{"taxonomy":"product_brand","embeddable":true,"href":"https:\/\/fermedekeruzerh.com\/index.php\/wp-json\/wp\/v2\/product_brand?post=3023"},{"taxonomy":"product_cat","embeddable":true,"href":"https:\/\/fermedekeruzerh.com\/index.php\/wp-json\/wp\/v2\/product_cat?post=3023"},{"taxonomy":"product_tag","embeddable":true,"href":"https:\/\/fermedekeruzerh.com\/index.php\/wp-json\/wp\/v2\/product_tag?post=3023"}],"curies":[{"name":"wp","href":"https:\/\/api.w.org\/{rel}","templated":true}]}}