{"id":2117,"date":"2021-01-11T22:16:56","date_gmt":"2021-01-11T21:16:56","guid":{"rendered":"https:\/\/fermedekeruzerh.com\/?post_type=product&#038;p=2117"},"modified":"2026-01-14T07:52:06","modified_gmt":"2026-01-14T06:52:06","slug":"courge-shiatsu","status":"publish","type":"product","link":"https:\/\/fermedekeruzerh.com\/index.php\/produit\/courge-shiatsu\/","title":{"rendered":"Courge Shiatsu"},"content":{"rendered":"","protected":false},"excerpt":{"rendered":"<p>Simplement coup\u00e9e en quatre, votre courge shiatsu va cuire au four en une trentaine de minutes. Vous pouvez en servir un quartier dans chaque assiette, chacun pourra la d\u00e9guster \u00e0 la petite cuill\u00e8re. Vous remarquerez alors que la texture du centre est fondante, tandis que pr\u00e8s de la peau elle est diff\u00e9rente, plus proche de la ch\u00e2taigne.<\/p>\n<p>Vous pouvez aussi r\u00e9cup\u00e9rer la chair ainsi cuite et en faire une pur\u00e9e, en ajoutant du bouillon ou du lait, car la shiatsu est tr\u00e8s compacte. Dans un cas comme dans l\u2019autre, cette courge est vraiment d\u00e9licieuse.<\/p>\n<p>Pour faciliter la r\u00e9alisation des paniers et \u00e9viter de couper les courges, minimum 2kg de commande.<\/p>\n<p>Origine Bretagne, r\u00e9seau d&rsquo;agriculteurs BioBreizh.<\/p>\n","protected":false},"featured_media":0,"template":"","meta":[],"product_brand":[],"product_cat":[15],"product_tag":[],"class_list":{"0":"post-2117","1":"product","2":"type-product","3":"status-publish","5":"product_cat-non-classe","7":"first","8":"outofstock","9":"taxable","10":"shipping-taxable","11":"purchasable","12":"product-type-simple","13":"czr-hentry"},"aioseo_notices":[],"_links":{"self":[{"href":"https:\/\/fermedekeruzerh.com\/index.php\/wp-json\/wp\/v2\/product\/2117","targetHints":{"allow":["GET"]}}],"collection":[{"href":"https:\/\/fermedekeruzerh.com\/index.php\/wp-json\/wp\/v2\/product"}],"about":[{"href":"https:\/\/fermedekeruzerh.com\/index.php\/wp-json\/wp\/v2\/types\/product"}],"wp:attachment":[{"href":"https:\/\/fermedekeruzerh.com\/index.php\/wp-json\/wp\/v2\/media?parent=2117"}],"wp:term":[{"taxonomy":"product_brand","embeddable":true,"href":"https:\/\/fermedekeruzerh.com\/index.php\/wp-json\/wp\/v2\/product_brand?post=2117"},{"taxonomy":"product_cat","embeddable":true,"href":"https:\/\/fermedekeruzerh.com\/index.php\/wp-json\/wp\/v2\/product_cat?post=2117"},{"taxonomy":"product_tag","embeddable":true,"href":"https:\/\/fermedekeruzerh.com\/index.php\/wp-json\/wp\/v2\/product_tag?post=2117"}],"curies":[{"name":"wp","href":"https:\/\/api.w.org\/{rel}","templated":true}]}}